38333 composite?
False
Is 2356993627 composite?
True
Is 18214504723 a prime number?
True
Is 2916974017 composite?
False
Is 48228570619 composite?
True
Is 1255729655 prime?
False
Is 1721236271 composite?
True
Is 13265853421 a prime number?
False
Is 4009063937 a prime number?
True
Is 390972271 prime?
True
Is 3374289539 composite?
False
Is 77747684701 composite?
False
Is 2074042441 a prime number?
False
Is 55688331719 prime?
False
Is 55059450231 a prime number?
False
Is 1064402071 composite?
True
Is 17871305563 prime?
False
Is 33781847699 prime?
False
Is 292655627 a prime number?
False
Is 28299192997 prime?
True
Is 13468104073 a composite number?
True
Is 690870421 prime?
False
Is 7332681221 a prime number?
False
Is 11974176341 composite?
True
Is 76503703 composite?
False
Is 1970900683 a composite number?
False
Is 102424658957 composite?
False
Is 77824688353 a prime number?
False
Is 4136790167 composite?
False
Is 38538595601 a prime number?
False
Is 1393154209 prime?
True
Is 483538271 prime?
False
Is 67292985803 composite?
False
Is 522513143 composite?
True
Is 5854667869 a prime number?
False
Is 33032254 composite?
True
Is 1586522029 composite?
False
Is 11166090809 composite?
True
Is 1003449581 a prime number?
False
Is 282202894001 a composite number?
True
Is 62703551 prime?
False
Is 25639838281 a composite number?
True
Is 3926122849 a prime number?
False
Is 67928278541 a prime number?
True
Is 3155231951 a prime number?
True
Is 274836379 prime?
False
Is 24801356807 prime?
False
Is 2669006981 prime?
False
Is 3504699167 composite?
True
Is 271642913 a composite number?
True
Is 66360716101 a composite number?
False
Is 5918451634 a prime number?
False
Is 455259251 a prime number?
False
Is 228387931 composite?
False
Is 87877747 a composite number?
False
Is 3597208179 composite?
True
Is 52970075359 prime?
False
Is 2965741621 composite?
False
Is 3908604001 a composite number?
True
Is 3129239543 prime?
True
Is 57719479 a composite number?
False
Is 18287431079 composite?
False
Is 16162805899 composite?
True
Is 188144851 a composite number?
False
Is 1278065029 a composite number?
True
Is 152414479207 a prime number?
True
Is 25385941403 a prime number?
False
Is 74508400321 a composite number?
False
Is 5033526247 a prime number?
True
Is 3513629667 a prime number?
False
Is 535390598667 composite?
True
Is 2125183737 composite?
True
Is 724075243 a prime number?
False
Is 124763376247 a prime number?
True
Is 63251483 a prime number?
False
Is 8552361949 a composite number?
False
Is 11722309471 prime?
False
Is 133111099 a prime number?
False
Is 3862377313 composite?
True
Is 237575861 a prime number?
True
Is 9083357197 prime?
True
Is 2864292341 composite?
True
Is 57296340743 a prime number?
False
Is 1647638917 prime?
True
Is 8228806247 composite?
False
Is 1556418641 composite?
True
Is 7592405 a prime number?
False
Is 44417295301 prime?
False
Is 47926371433 prime?
True
Is 74172538849 composite?
False
Is 388570531 prime?
True
Is 107742121 prime?
False
Is 2556227599 prime?
True
Is 38890778339 a composite number?
True
Is 16314597491 prime?
False
Is 3545256391 prime?
False
Is 927046079 a prime number?
False
Is 58750794034 a composite number?
True
Is 13920744133 prime?
False
Is 446256827 a prime number?
False
Is 18811881911 composite?
False
Is 867577723 prime?
False
Is 1605899431 a prime number?
False
Is 505433813 a prime number?
False
Is 434362583 a prime number?
True
Is 837337651 a composite number?
True
Is 159443959 a prime number?
False
Is 37847197 composite?
False
Is 1262959253 composite?
False
Is 6459121693 prime?
False
Is 5221398001 prime?
False
Is 175484443 a prime number?
True
Is 314793449 composite?
True
Is 8224738129 prime?
False
Is 64271389759 a composite number?
True
Is 16612529207 prime?
True
Is 1016006011 a prime number?
False
Is 217230793381 a prime number?
False
Is 9175260967 a composite number?
True
Is 1607296201 a composite number?
True
Is 56926151 a composite number?
False
Is 1087546741 prime?
False
Is 38703298 prime?
False
Is 293750967289 a composite number?
True
Is 4678359359 composite?
False
Is 198004334263 prime?
True
Is 1599023231 prime?
False
Is 1147801643 prime?
False
Is 826351871 a prime number?
True
Is 23865908523 a prime number?
False
Is 1857165503 prime?
False
Is 7120852993 prime?
False
Is 1828851613 a composite number?
False
Is 39968751473 a composite number?
True
Is 2173664719 a prime number?
False
Is 2172269959 prime?
False
Is 1039620473 composite?
True
Is 279094859 composite?
True
Is 42752052971 a prime number?
True
Is 127801411 a prime number?
True
Is 4520116063 composite?
True
Is 33256186589 prime?
False
Is 11504708785 a composite number?
True
Is 5953578349 composite?
False
Is 8892161893 composite?
False
Is 166365044801 a composite number?
True
Is 2430456749 a prime number?
False
Is 162209520815 a composite number?
True
Is 67874011417 prime?
False
Is 12615022193 composite?
True
Is 265166977 a composite number?
True
Is 2621665549 prime?
False
Is 3920197145 prime?
False
Is 241792177 a composite number?
True
Is 8725660401 a prime number?
False
Is 163365380995 a prime number?
False
Is 23165536609 composite?
False
Is 220768601 composite?
True
Is 7942423 a composite number?
True
Is 2679000169 composite?
True
Is 170397477039 a composite number?
True
Is 11779261181 a composite number?
False
Is 21816042287 composite?
True
Is 2361980563 a prime number?
False
Is 640764083 a prime number?
True
Is 68655682961 composite?
True
Is 83133851 prime?
True
Is 3369177205 a composite number?
True
Is 540175553 prime?
True
Is 8667779369 a prime number?
True
Is 5544859303 a prime number?
False
Is 2077638982 a composite number?
True
Is 170823232553 a composite number?
False
Is 3386880031 prime?
True
Is 21527583157 a composite number?
True
Is 431576417 a composite number?
False
Is 36302160733 composite?
True
Is 161871851 prime?
False
Is 1092579197 composite?
False
Is 1808962999 prime?
True
Is 233505337 a composite number?
True
Is 673271777797 prime?
True
Is 7056795089 a prime number?
False
Is 35416888333 a composite number?
False
Is 3190330237 a prime number?
True
Is 66685166341 prime?
False
Is 34926370463 prime?
False
Is 9751954529 prime?
False
Is 55743061469 composite?
False
Is 116798826973 composite?
True
Is 2050067323 prime?
True
Is 2256107831 prime?
True
Is 217343310937 a prime number?
False
Is 2446704779 a prime number?
True
Is 8549494559 prime?
True
Is 30589667099 a composite number?
True
Is 90890159 prime?
True
Is 53259187 composite?
False
Is 116438629579 prime?
True
Is 443130497 composite?
False
Is 33945290333 prime?
True
Is 2762901689 prime?
False
Is 2102463439 prime?
True
Is 4342558945 prime?
False
Is 2522819161 a prime number?
True
Is 1294094829 a prime number?
False
Is 277151011 a prime number?
False
Is 53791748949 a prime number?
False
Is 166170683741 a composite number?
False
Is 1231740131 a prime number?
True
Is 47772853 prime?
True
Is 458200399 a composite number?
True
Is 7939233899 a composite number?
False
Is 2842633163 prime?
True
Is 455311387 a prime number?
True
Is 75478955039 a prime number?
False
Is 161683961 a composite number?
True
Is 293108789 a composite number?
False
Is 20686035683 composite?
False
Is 147327532307 a composite number?
False
Is 121606078303 prime?
True
Is 1887175643 prime?
False
Is 1873694303 prime?
False
Is 376130701 composite?
False
Is 977118089 a prime number?
False
Is 1100037199 a composite number?
True
Is 5510528161 composite?
True
Is 1274405923 composite?
True
Is 547406387 a composite number?
True
Is 19505601113 a composite number?
False
Is 6079847 a composite number?
True
Is 163688929 composite?
False
Is 206429005621 a composite number?
False
Is 7804196627 prime?
True
Is 2066874893 composite?
True
Is 3233304313 a prime number?
True
Is 570718087 a prime number?
True
Is 23442202051 composite?
True
Is 456676777 prime?
False
Is 27054523 prime?
True
Is 40856128147 composite?
False
Is 2478034241 a prime number?
False
Is 236888899 a prime number?
False
Is 88856138563 prime?
False
Is 358703951 a composite number?
False
Is 3759622591 prime?
True
Is 14887136969 a composite number?
False
Is 78164184029 a composite number?
True
Is 3444589919 composite?
False
Is 4595171219 prime?
False
Is 512736313 a composite number?
True